f 84329375 and 325?
325
What is the highest common factor of 54988208 and 1452?
484
Calculate the highest common factor of 619678 and 63578.
166
Calculate the greatest common divisor of 159939904 and 72.
8
Calculate the greatest common factor of 1272 and 22004328.
1272
Calculate the highest common factor of 3155 and 129112065.
3155
What is the greatest common factor of 1412 and 148043964?
1412
What is the greatest common divisor of 672844651 and 2957?
2957
Calculate the greatest common divisor of 51 and 298877.
17
Calculate the highest common divisor of 4032252 and 364.
28
What is the greatest common factor of 12986 and 11046858?
302
Calculate the greatest common factor of 375844873 and 1324.
331
Calculate the greatest common divisor of 287902 and 13366.
82
Calculate the highest common divisor of 2334833 and 277.
277
What is the greatest common divisor of 656 and 1193147232?
656
What is the greatest common factor of 375084 and 2268?
108
Calculate the highest common factor of 3083244 and 8493.
57
What is the highest common divisor of 104 and 18193682?
26
Calculate the highest common factor of 4049665 and 942805.
4885
What is the greatest common divisor of 517790 and 442?
26
Calculate the greatest common factor of 6134894 and 6894.
766
What is the highest common divisor of 120147 and 1566?
87
Calculate the greatest common factor of 60591 and 857841.
3189
What is the highest common divisor of 16374457 and 26609?
451
Calculate the highest common factor of 1395394 and 11387012.
7462
What is the highest common factor of 14280 and 358580320?
4760
What is the highest common divisor of 1776904 and 40?
8
What is the greatest common factor of 5092 and 7621116?
268
Calculate the greatest common divisor of 2082093 and 78.
39
What is the highest common factor of 33292452 and 16032?
2004
What is the greatest common factor of 54722167 and 41?
41
What is the greatest common factor of 2131647 and 259?
7
Calculate the highest common divisor of 495 and 6215463.
9
What is the highest common divisor of 1873296 and 162432?
144
What is the highest common divisor of 83041875 and 315?
315
What is the greatest common factor of 729313401 and 2085?
417
What is the highest common divisor of 1004315 and 4595?
5
What is the greatest common divisor of 43206 and 96?
6
Calculate the highest common divisor of 310617426 and 189.
21
What is the greatest common divisor of 433256 and 111104?
248
What is the highest common factor of 10094736 and 4896?
816
What is the highest common divisor of 81130 and 1304730?
1330
Calculate the highest common factor of 1879309 and 209.
19
What is the highest common factor of 414496 and 5248?
32
What is the greatest common divisor of 9439274 and 4433?
13
Calculate the highest common factor of 1281 and 113802393.
183
What is the greatest common divisor of 13851019 and 262808?
1729
Calculate the greatest common factor of 40017720 and 120.
120
What is the highest common divisor of 13050 and 115095780?
2610
What is the greatest common factor of 546833148 and 228?
228
What is the greatest common divisor of 7 and 36476878?
1
What is the greatest common divisor of 3953610 and 27945?
1215
Calculate the highest common divisor of 11 and 205651292.
11
What is the highest common divisor of 233342372 and 1828?
1828
Calculate the greatest common factor of 32574 and 433786.
178
Calculate the highest common divisor of 533 and 491297014.
533
Calculate the greatest common factor of 388115 and 47320.
455
What is the greatest common divisor of 154882667 and 23?
23
What is the highest common divisor of 7979 and 122213?
79
What is the greatest common divisor of 168776 and 51538?
146
What is the highest common factor of 30 and 1631178370?
10
What is the greatest common divisor of 33593324 and 14992?
3748
What is the greatest common divisor of 923164 and 4532?
44
Calculate the greatest common divisor of 7749 and 621.
27
Calculate the highest common factor of 888 and 26396059.
37
What is the highest common divisor of 188465214 and 453?
453
Calculate the greatest common divisor of 14465290 and 784.
98
What is the highest common factor of 4 and 344420872?
4
Calculate the highest common factor of 202946271 and 33.
33
What is the greatest common divisor of 6839783 and 2442?
37
Calculate the greatest common divisor of 4181 and 275523719.
4181
Calculate the greatest common factor of 11463672 and 88.
88
What is the greatest common divisor of 3705 and 134532255?
3705
Calculate the highest common factor of 2492 and 9005206.
14
What is the greatest common divisor of 4674762 and 4250?
34
Calculate the greatest common factor of 21900 and 4760850.
150
What is the greatest common divisor of 2011 and 60778453?
2011
What is the greatest common divisor of 520345 and 2807?
7
Calculate the greatest common factor of 161233827 and 148.
37
What is the highest common divisor of 158 and 61739369?
79
Calculate the greatest common divisor of 7368132 and 4877593.
6899
What is the highest common factor of 287 and 393246?
7
Calculate the highest common divisor of 250 and 189170125.
125
Calculate the greatest common factor of 56468328 and 18.
6
Calculate the highest common divisor of 9495243 and 210447.
3141
Calculate the highest common divisor of 5248 and 1503872.
128
What is the greatest common factor of 2187 and 72041319?
81
What is the greatest common divisor of 2691990 and 1215?
45
What is the greatest common divisor of 12582045 and 7434?
3717
What is the greatest common divisor of 186 and 151957350?
186
Calculate the greatest common factor of 1101561 and 283926.
1797
Calculate the greatest common factor of 168604737 and 2058.
1029
Calculate the greatest common divisor of 9 and 1909505511.
9
Calculate the highest common factor of 42 and 12471802.
14
Calculate the highest common divisor of 15246770 and 770.
770
What is the highest common factor of 4267 and 1029163?
17
What is the greatest common factor of 27447677 and 639?
71
Calculate the greatest common factor of 1995916 and 2704.
52
What is the highest common factor of 6 and 3876786?
6
What is the highest common factor of 283628 and 74108?
388
Calculate the greatest common factor of 23703722 and 70.
14
What is the greatest common divisor of 255392 and 172960?
736
Calculate the highest common factor of 23324 and 177344.
68
What is the highest common factor of 54467502 and 3894?
354
Calculate the highest common factor of 988 and 39219211.
19
What is the greatest common divisor of 126 and 1015347942?
126
Calculate the greatest common divisor of 5159 and 223434883.
469
Calculate the greatest common factor of 10475 and 1767761.
419
Calculate the highest common factor of 3700 and 185970325.
925
Calculate the greatest common divisor of 45664476 and 1691.
89
What is the greatest common divisor of 123319295 and 11?
11
What is the highest common factor of 606312 and 198639?
189
What is the highest common divisor of 2552 and 709804?
116
What is the highest common divisor of 5738163 and 68?
17
What is the highest common divisor of 550 and 592262?
22
Calculate the greatest common divisor of 2648765 and 175.
35
What is the highest common factor of 179307 and 1215?
27
Calculate the highest common divisor of 10613423 and 2873.
17
Calculate the highest common divisor of 407771 and 182.
91
What is the greatest common divisor of 3160 and 15191305?
395
Calculate the highest common divisor of 183 and 368688.
3
Calculate the greatest common divisor of 96164 and 63191.
29
What is the highest common divisor of 6094536 and 5712?
168
What is the greatest common factor of 4582 and 14442?
58
What is the highest common divisor of 311740730 and 59045?
8435
What is the highest common factor of 56 and 21713860?
28
Calculate the highest common factor of 1202 and 278079094.
1202
Calculate the highest common factor of 1634 and 67811.
817
Calculate the highest common divisor of 327 and 452519931.
327
Calculate the greatest common factor of 8451 and 46690836.
939
What is the greatest common divisor of 20 and 19409990?
10
What is the greatest common divisor of 45909445 and 3261?
1087
What is the greatest common divisor of 2052 and 800388?
108
Calculate the highest common factor of 441 and 329679189.
63
What is the greatest common factor of 1564447 and 169381?
107
Calculate the h